4842/27?
269
Suppose -l = 5 + 6. Let d(s) = -148*s**2 + 438*s**2 - 11*s - 145*s**2 + 20 - 3*s - 146*s**2. What are the prime factors of d(l)?
53
Suppose -4*w = -0*d - 4*d + 4144, 5*w = -4*d + 4126. Suppose 805 = 3*f - d. List the prime factors of f.
613
Let c = -271 + 269. What are the prime factors of -3 - (162/(-12))/(c/(-68))?
2, 3, 19
Suppose 91 + 32 = 5*d + 4*b, -2*b = -2*d + 60. Suppose -26*q - 570 = -d*q. Suppose -23*w + 20*w = -q. What are the prime factors of w?
2, 5, 19
Let z be (-45)/(-10)*260/3. Suppose 5*k - z - 1815 = 0. List the prime factors of k.
3, 7
Let w = 53 - 68. Let q(p) = -p + 94 - 28 + 22*p - 25 + 2*p**2. List the prime factors of q(w).
2, 11
Suppose -3*l + 21 = -3*n, 5*l + 57 = n + 100. Suppose 0 = -5*c + 22 + 8. List the prime factors of (-2)/c*l*-4.
2, 3
Suppose 2*v - 4938 = -3*y, -4*v = 2*y - 3054 - 246. Suppose 3*l - y = -3*n - n, -3*n - 1665 = -3*l. What are the prime factors of l?
2, 3, 23
Let i(t) = -8*t**2 - 73*t + 2. Let r be i(-10). Suppose 172 = -4*j + 3*f, 2*j - 208 = 7*j - 2*f. Let u = j - r. List the prime factors of u.
2, 7
Suppose 59*r = 3*q + 63*r - 147104, -3*r + 24 = 0. What are the prime factors of q?
2, 383
Let k = -37796 + 120844. What are the prime factors of k?
2, 7, 1483
Suppose -25 + 0 = 5*f + 5*g, -14 = f + 4*g. Let q be -4 - ((f - -3) + -4). List the prime factors of 975/45 - q/3.
2, 11
Let c = 323 - 1090. Let u = c - -1146. List the prime factors of u.
379
Suppose -3*d + 2201 = v, 18*d - 5*v - 2189 = 15*d. List the prime factors of d.
733
Let t(r) = 2*r**3 + 13*r**2 + 4*r + 2. Let y be t(-6). Let m be (y/35 - 14/10)*-11. List the prime factors of 57/m + (-2)/11.
5
Suppose 0*b + 1164 = 3*b. Suppose 1082 = 10*t - b. List the prime factors of t.
3, 7
Suppose -33969*p + 33971*p = 1972. What are the prime factors of p?
2, 17, 29
Let h(b) = -b**2 + 3*b + 5. Let l be h(0). Suppose -l*p = 0, 10*q + 3*p = 12*q - 280. What are the prime factors of q?
2, 5, 7
Let u(t) = 71*t - 174. Let k be -9 + (-17)/((-136)/120). What are the prime factors of u(k)?
2, 3, 7
Let f be (-1360)/(-9) + 1 + 10/(-90). List the prime factors of f + -1 - (-72)/(-24).
2, 37
Let d(a) = a. Let v be d(5). Suppose g = -g - 2, v*g = -z - 5. Suppose -2*b + 2*p - 21 = -83, -p - 4 = z. What are the prime factors of b?
3
Let r = 1113 - 2140. Let a = 1841 + r. List the prime factors of a.
2, 11, 37
Let t = -6086 + 6080. Suppose -h - m = -18, -81 = -5*h + h - m. Let s = h + t. What are the prime factors of s?
3, 5
Let h(b) = b**2 + 2*b - 12. Let m be h(-4). List the prime factors of -4 + 253 + -2 - 2 - m.
3, 83
Suppose 2*y = z - 3767, 0 = 4*z - 2*y - 2*y - 15084. Suppose -z = -11*x - 222. What are the prime factors of x?
17, 19
Let d(s) = 27 + 5*s + 3*s + 0*s. Let f be ((-24)/(-28))/(((-30)/(-175))/2). What are the prime factors of d(f)?
107
Suppose 24*d - 4080 = 21*d. Suppose -260*u = -255*u - d. List the prime factors of u.
2, 17
Suppose -4*g - 8*g + 48 = 0. Suppose 42 = g*n - 42. List the prime factors of n/(-6)*(-60)/2.
3, 5, 7
Suppose 5*o - 23253 = 2*o - 3*s, 38752 = 5*o + 2*s. List the prime factors of o.
2, 5, 31
Suppose -53406 = -38*q + 4012. List the prime factors of q.
1511
Let m(a) = 1668*a - 737. List the prime factors of m(9).
5, 571
Suppose -4*r + 13*y = 15*y - 43718, -4*y = 3*r - 32791. What are the prime factors of r?
3, 3643
What are the prime factors of 1 - (-4590 - (-17 + 5))?
19, 241
Suppose 7 = 6*g - 59. Suppose -870 = -g*a + 890. What are the prime factors of a?
2, 5
Let l be -3*(2 + 38/3). Let s be (2 - 15 - -18) + 126. Let v = l + s. What are the prime factors of v?
3, 29
Suppose 23*x + 17162 = 25*x - 4*l, 4*x = 5*l + 34333. What are the prime factors of x?
31, 277
List the prime factors of -1 - 4 - 3/(-2)*(-141840)/(-54).
5, 787
Suppose 65*p - 1505190 = -66*p. List the prime factors of p.
2, 3, 5, 383
Let f(n) = 3*n**2 - 13*n - 137. Let h be f(-6). Suppose h*l = 482 + 11082. What are the prime factors of l?
2, 59
Let o = -96 - -32. Let q = o - -67. Suppose 0 = q*g - 4*g + 148. List the prime factors of g.
2, 37
Suppose -886 = -5*i + 814. Let r = 384 - i. List the prime factors of r.
2, 11
Let f(w) = 15*w + 9 - 38*w - 4 + 9. Suppose 3*n + 22 = 2*k, 16*k + 4 = n + 21*k. What are the prime factors of f(n)?
2, 19
Let c = -12 - -20. Suppose 0 = o - 11 + c. What are the prime factors of o/(-3*(-1)/15)?
3, 5
Let s(c) be the first derivative of 63*c**2/2 - 107*c - 14. What are the prime factors of s(22)?
1279
Suppose 3 = -4*a + 63. Let j be a/20 + 18/8. Suppose 3*k - 134 = 2*r, 3*k - j*r - 131 = -2. List the prime factors of k.
2, 3
Let g = 50 + -73. Let b = -25 + 22. Let w = b - g. What are the prime factors of w?
2, 5
Suppose 0 = -130*w - 171*w + 8378304 + 9147722. List the prime factors of w.
2, 7, 4159
Let f(p) = 383*p - 418. What are the prime factors of f(127)?
7, 83
Suppose -4*g + g = -6, -3*t + 68 = -2*g. Suppose -t*b = -4*b + 140. List the prime factors of 21/(b/(616/(-12))).
2, 7, 11
Suppose -7*f + 4 = -5*f. Suppose -f*i = 3*g - 1 - 3, 4*g = -5*i + 10. Suppose -y + 354 = 5*o, -y = -i*o - 0*y + 143. What are the prime factors of o?
71
Suppose 60 = 2*g - 3*o, 0 = 3*o + 15 - 3. Suppose -4*u = -2*u - g. Suppose -u*s - 43 = -13*s. List the prime factors of s.
43
Let a = -4079 - -2585. List the prime factors of (-9)/(243/a)*42/2.
2, 7, 83
Suppose 5014673 + 188335 = 144*p. What are the prime factors of p?
2, 3, 3011
What are the prime factors of (44973 - -9)/9 + 4/1?
2, 41, 61
Let i(u) = 3680*u**2 + 280*u + 564. List the prime factors of i(-2).
2, 3, 409
Suppose -713 = -16*b - 7*b. Suppose 25*l + 1896 = b*l. List the prime factors of l.
2, 79
Let g be 4/8*(-5 - -5). Suppose g = 3*a - 3*r - 24, 3*r = -2*a + 2*r + 28. Let j(l) = 3*l**2 - 23*l - 7. What are the prime factors of j(a)?
149
Let r = -550 + -62. Let p = r + 925. What are the prime factors of p?
313
Suppose -66*y = 3*d - 70*y - 43675, d - 14545 = -2*y. List the prime factors of d.
3, 7, 11
List the prime factors of 27781 + (1/2)/(11/(-462)*3).
2, 3, 1543
Suppose 4*h = -5*y + 29997, 6219 + 5793 = 2*y - 5*h. List the prime factors of y.
17, 353
Let f be -2*(-31)/(-2) + -1. Let k = -33 - f. Let x(i) = 69*i**2 - 3*i - 2. What are the prime factors of x(k)?
2, 5, 7
Let s(a) be the second derivative of a**4/12 + 5*a**3/2 - 8*a**2 + 23*a. Let r be s(11). What are the prime factors of (r/36)/(((-2)/(-4))/1)?
3, 5
Let l(s) = 47*s**2 + 3*s - 1. Suppose -5 - 1 = -5*d - o, -3*d = 3*o + 6. Suppose -d*y - 4 = -5*w - 18, 2*y + 5*w = -6. What are the prime factors of l(y)?
193
Let i(m) = 3*m + 10. Let k be i(20). Let a = k + -73. What are the prime factors of (204*-1)/(-4 - a)?
2, 3, 17
Let z(p) = -p**2 + 81*p - 320. Let l be z(82). Suppose -4*b + 4*y - 864 = 0, -b - y = 48 + 158. Let o = b - l. List the prime factors of o.
191
Let u(g) = -2*g**2 - 2*g + 8. Let t be u(3). Let m = t + 21. Suppose m*s - 200 + 5 = 0. List the prime factors of s.
3, 13
Let b = -144 + 50. Let v = 127 + b. Suppose -v*o = -29*o - 596. What are the prime factors of o?
149
Suppose 5*m - 5*q = 36585, -4*m - 4*q + 1232 = -28036. What are the prime factors of m?
3, 271
Let l(s) = -3*s**3 + 24*s + 28. What are the prime factors of l(-13)?
7, 17, 53
Suppose 0 = 2*k - 3*a - 20181, -a + 556 + 9542 = k. List the prime factors of k.
3, 5, 673
Let s be 4857/(-9) - (-8)/12. Let g = 931 + s. What are the prime factors of g?
2, 7
Let r be (-10)/(-4)*(-8)/(-10). Suppose -3 = -r*x + x. What are the prime factors of -113*-1*(-2 + x)?
113
List the prime factors of (4064/(-6))/((-58)/435).
2, 5, 127
Suppose 4*t - g - 56 = 3*g, 2*g - 27 = -3*t. Let i(d) be the first derivative of d**3/3 - 2*d**2 + 11*d + 61. List the prime factors of i(t).
2, 11
Suppose 313*q - 2094225 = 138*q. List the prime factors of q.
3, 3989
Suppose -620*o = -142*o - 2538465 - 495879. What are the prime factors of o?
2, 3, 23
Let w(z) = 333*z - 607. List the prime factors of w(20).
6053
Let q = -24882 - -26750. What are the prime factors of q?
2, 467
Suppose 0 = -7280*d + 7249*d + 1351755. List the prime factors of d.
3, 5, 17, 19
Suppose 35*z = 45*z - 37280. Suppose -2*f = -4*x - 1684, -2*x + z = 4*f + 410. List the prime factors of f.
2, 13
Let a(q) = -3203*q - 1027. What are the prime factors of a(-2)?
3, 11, 163
What are the prime factor